00101?
-100100
In base 11, what is 1605 + 0?
1605
In base 3, what is -12001 - 12?
-12020
In base 6, what is 255 - 3?
252
In base 7, what is 112 - -10?
122
In base 10, what is -31 - 22?
-53
In base 3, what is 11220 - 1?
11212
In base 14, what is -8 + 436?
42c
In base 5, what is -1 - -30?
24
In base 9, what is 7353 + 3?
7356
In base 9, what is -705 - -1?
-704
In base 2, what is 1000 + -1100001001?
-1100000001
In base 9, what is -2 - 103?
-105
In base 12, what is 0 - -37?
37
In base 14, what is -15 - -10?
-5
In base 14, what is -28c + 4?
-288
In base 4, what is 100101 - 11?
100030
In base 7, what is -5 + -5?
-13
In base 3, what is -1000112 + -1?
-1000120
In base 3, what is 2121 - -2221?
12112
In base 2, what is -101000101 + 1?
-101000100
In base 4, what is -3 + -1302?
-1311
In base 8, what is -103 + 23?
-60
In base 7, what is 1243 - -2?
1245
In base 5, what is -4 - -1132?
1123
In base 4, what is 13 + -12033?
-12020
In base 16, what is -28 - 2?
-2a
In base 16, what is 77 - 8?
6f
In base 6, what is -1154 - -53?
-1101
In base 16, what is 94 + 4?
98
In base 9, what is 26 + -50?
-23
In base 5, what is 22401 - -32?
22433
In base 10, what is -1 - 28?
-29
In base 4, what is -11 - 3?
-20
In base 5, what is -2 + 31?
24
In base 7, what is 1 - 445?
-444
In base 13, what is b - 14?
-6
In base 13, what is -3 - 16b?
-171
In base 13, what is -a + b?
1
In base 16, what is -6d - -46?
-27
In base 14, what is a - 1a?
-10
In base 3, what is 112211 - 0?
112211
In base 11, what is 9 + -67?
-59
In base 7, what is -5 - -31504?
31466
In base 13, what is -233a - -2?
-2338
In base 2, what is -1011 - -11000110?
10111011
In base 10, what is 3 + -61?
-58
In base 14, what is -4d + 27?
-26
In base 15, what is 2 - 3bb?
-3b9
In base 3, what is 0 - 1202020?
-1202020
In base 2, what is -110101 - -1100?
-101001
In base 5, what is -2 + -140?
-142
In base 16, what is -11 - -1?
-10
In base 5, what is 0 + 3242?
3242
In base 10, what is -163 - 5?
-168
In base 10, what is -1 - 1928?
-1929
In base 12, what is -4 + 28?
24
In base 15, what is -123 + -3?
-126
In base 7, what is 3 - -12513?
12516
In base 14, what is 2b + -5?
26
In base 4, what is 31 + -23?
2
In base 14, what is -1a + -2d?
-49
In base 9, what is 34 + -205?
-161
In base 13, what is -110c - -5?
-1107
In base 6, what is 143415 - 4?
143411
In base 13, what is 6 - 6?
0
In base 7, what is -4 - 13545?
-13552
In base 2, what is 1101011 - 11100000?
-1110101
In base 16, what is -3 + 10d?
10a
In base 14, what is 4 + 40?
44
In base 8, what is -474 + 5?
-467
In base 9, what is 130 + -226?
-86
In base 2, what is 1101 + 1?
1110
In base 4, what is -23020 - -33?
-22321
In base 14, what is -1c - -17?
-5
In base 4, what is 3 - 1302?
-1233
In base 3, what is -1022 - 11?
-1110
In base 10, what is -5 - -8?
3
In base 2, what is 1011000 + 100110?
1111110
In base 6, what is 12 + -141?
-125
In base 2, what is -1101 + 110?
-111
In base 3, what is 1102 - -100?
1202
In base 4, what is 12331 + 10?
13001
In base 10, what is 5 + -224?
-219
In base 7, what is 556 + -1?
555
In base 15, what is 327 - 1?
326
In base 15, what is -5 + -9d?
-a3
In base 12, what is -6 + -100?
-106
In base 4, what is 100 - 1031?
-331
In base 13, what is -10a + 8?
-102
In base 16, what is 27 + 2?
29
In base 5, what is -1234 - 0?
-1234
In base 5, what is 44 + -3101?
-3002
In base 5, what is -1 - 120?
-121
In base 5, what is -2 + 112?
110
In base 15, what is 3 - ad?
-aa
In base 8, what is 5 - -5362?
5367
In base 4, what is -3 + -213?
-222
In base 3, what is 12 - 2200021?
-2200002
In base 4, what is 123 + 222?
1011
In base 3, what is 0 - 121?
-121
In base 12, what is 0 - 389?
-389
In base 14, what is -3 - -20?
1b
In base 8, what is -4371 - 5?
-4376
In base 9, what is -2 - 304?
-306
In base 14, what is 1d - -4?
23
In base 2, what is -11 + -1100011001?
-1100011100
In base 8, what is -34 + 75?
41
In base 11, what is -11 + -2338?
-2349
In base 2, what is -1 + -11011000101?
-11011000110
In base 3, what is 0 + 10001011?
10001011
In base 16, what is ff + 5?
104
In base 13, what is a8 - -2?
aa
In base 16, what is -e - 5?
-13
In base 12, what is -a - 128?
-136
In base 9, what is 16 - 2?
14
In base 13, what is -a - 54?
-61
In base 9, what is -834 + -5?
-840
In base 16, what is -37 - -25?
-12
In base 7, what is 0 + 10126?
10126
In base 11, what is 100 + 3?
103
In base 16, what is 1 - 5?
-4
In base 13, what is b9 + 2?
bb
In base 10, what is -2961 - -5?
-2956
In base 10, what is 3 + -67?
-64
In base 4, what is -1000 - -313?
-21
In base 9, what is -22 + 157?
135
In base 8, what is -2 - -130?
126
In base 11, what is -1229 + -3?
-1231
In base 8, what is -4 + 13524?
13520
In base 5, what is -43 + -22?
-120
In base 10, what is -4 + -93?
-97
In base 3, what is 202 - -202?
1111
In base 14, what is -d6 - 4?
-da
In base 13, what is -7 - -88?
81
In base 12, what is 5 + -12?
-9
In base 11, what is 3 + 78?
80
In base 14, what is -23 + b?
-16
In base 12, what is -2 - 699?
-69b
In base 13, what is -20 + -395?
-3b5
In base 7, what is -26305 - -4?
-26301
In base 6, what is 212 + 420?
1032
In base 4, what is -32 + -22?
-120
In base 16, what is 18d - -3?
190
In base 2, what is 1100 + 1010101?
1100001
In base 16, what is -54 - -21?
-33
In base 13, what is -38 - -3?
-35
In base 11, what is -31 - 25?
-56
In base 8, what is -2 + -317?
-321
In base 13, what is -19 + -2?
-1b
In base 10, what is -14 - 421?
-435
In base 10, what is -5977 + -2?
-5979
In base 13, what is -2 + -624?
-626
In base 8, what is -11 - 256?
-267
In base 10, what is 13 - 108?
-95
In base 6, what is 53 + 30?
123
In base 7, what is 100003 - -2?
100005
In base 8, what is 2 + 103?
105
In base 8, what is 2450 + -2?
2446
In base 9, what is -2 + 85?
83
In base 13, what is 2 - aa?
-a8
In base 8, what is 4 + 100?
104
In base 4, what is -20 + -1?
-21
In base 9, what is -581 + -4?
-585
In base 7, what is 4 + -1351?
-1344
In base 15, what is 224 - c?
217
In base 5, what is -1 - 3?
-4
In base 6, what is 54025 + 2?
54031
In base 16, what is -2 + 16f?
16d
In base 3, what is 21211 + 11?
21222
In base 12, what is a72 - -2?
a74
In base 14, what is 3 - -3?
6
In base 9, what is -123 + 3?
-120
In base 2, what is 10 + 11010111011?
11010111101
In base 8, what is -3 + 46?
43
In base 12, what is -a5 - -16a?
85
In base 8, what is 15 - -2064?
2101
In base 7, what is 50 - -1502?
1552
In base 6, what is 423 + -1?
422
In base 13, what is -4 + a5?
a1
In base 8, what is -173 - 246?
-441
In base 5, what is -30 - 32430?
-33010
In base 5, what is 10 + -3342?
-3332
In base 15, what is 1d9 + -1?
1d8
In base 4, what is -1013021 - 10?
-1013031
In base 12, what is 2 - 67?
-65
In base 4, what is 0 - 202?
-202
In base 7, what is -113 - -1?
-112
In base 4, what is -2111 - -10?
-2101
In base 16, what is -59d + 5?
-598
In base 4, what is 120030 - 11?
120013
In base 5, what is 1414 - 3?
1411
In base 8, what is 2 - 551?
-547
In base 5, what is -32 - 2?
-34
In base 5, what is 100 + 33?
133
In base 4, what is 211202 + 10?
211212
In base 12, what is -12 + 3a?
28
In base 12, what is 6a3 - 2?
6a1
In base 12, what is 73 + -3?
70
In base 11, what is 1 - -46?
47
In base 2, what is -101101100101 - 11?
-101101101000
In base 15, what is -4b7 + -3?
-4ba
In base 15, what is -5 - -1c3?
1bd
In base 12, what is 7 + 9?
14
In base 14, what is 24 - d?
15
In base 16, what is 5f + b?
6a
In base 2, what is -10110 + 111011?
100101
In base 4, what is -3 - 13?
-22
In base 10, what is -131 - 2?
-133
In base 5, what is 100340 - -2?
100342
In base 9, what is -10 - -2?
-7
In base 5, what is -10 + 122?
112
In base 2, what is -10010001001101 - -1?
-10010001001100
In base 9, what is -45 + 0?
-45
In base 2, what is -11101 - 111111?
-1011100
In base 3, what is 10 - 1102212?
-1102202
In base 4, what is 100 + -12?
22
In base 9, what is -16 + 14?
-2
In base 8, what is -1124 - 5?
-1131
In base 14, what is -392 - 5?
-397
In base 11, what is -5 + 24?
1a
In base 4, what is -310 + -3?
-313
In base 2, what is 10111 - 100110?
-1111
In base 3, what is -1200 + 12001?
10101
In base 8, what is -4 + -520?
-524
In base 4, what is 2 - -1322?
1330
In base 3, what is -1 + -101102?
-101110
In base 3, what is 100 + 201022?
201122
In base 14, what is -610a + 4?
-6106
In base 5, what is 1 + 141?
142
In base 16, what is -2 + 4f8?
4f6
In base 6, what is 